h be (-4623)/(-27) - 150/675. What is the highest common divisor of 95 and h?
19
Let i(p) = -p**2 + 5*p - 3. Let q be i(3). Let z = 316 - 315. Calculate the highest common divisor of z and q.
1
Let z(w) = -5*w**3 + 5*w + 3. Let m be z(-2). What is the greatest common divisor of 363 and m?
33
Let m be (-5)/((-538)/176 - -3). Calculate the highest common factor of 2112 and m.
88
Let s = -4 - -6. Suppose -s*a + 96 = 5*x, -2*a - 33 = -2*x - a. Calculate the highest common factor of 45 and x.
9
Let f = 38 + -33. Suppose 4*y - f*q - 544 = 0, 5*q = q. What is the greatest common divisor of y and 17?
17
Suppose 0 = -2*l, 0 = -v - v + 2*l + 52. Calculate the highest common factor of v and 91.
13
Suppose 191 = -5*n + 1031. Let i be 11 + -8 - (-6)/2. Let z be (i/(-3) + 23)*1. Calculate the greatest common factor of n and z.
21
Let k = -3 - -5. Suppose 46*c - 684 = 8*c. What is the highest common divisor of c and k?
2
Suppose -4*t = -s + 124 + 164, 2*s - 631 = -3*t. What is the greatest common factor of s and 56?
28
Suppose -4*u = -6*u + 14. Suppose 0 = 4*j + 12, 3*j - 1 + u = -i. Suppose d - i = 1. Calculate the highest common factor of 6 and d.
2
Suppose -3*w + 0*b = -4*b - 74, 5*w - 4*b = 118. What is the highest common divisor of w and 1650?
22
Suppose -4*r - y - 1690 = -4855, 4*r - 3170 = -2*y. Calculate the greatest common factor of 10 and r.
10
Let d be (6/27*21)/((-10)/(-75)). Suppose 192 = 38*l - d*l. Calculate the greatest common factor of 16 and l.
16
Let p = 266 + -214. Calculate the greatest common divisor of p and 78.
26
Let b = -1325 + 1451. Calculate the greatest common factor of b and 54.
18
Suppose 16 = -3*s + 205. Calculate the highest common divisor of 36 and s.
9
Let h = -23 + 34. Suppose -9545 + 3979 = -46*n. Calculate the greatest common divisor of n and h.
11
Let x(y) = -40*y**2 - y + 2. Let a be x(1). Let c = -28 - a. Calculate the greatest common factor of c and 22.
11
Suppose -2*s = 3*t - 53, -95 = -5*t + s - 24. Suppose 13*g = -2*g + t. Calculate the highest common factor of g and 5.
1
Suppose 3*q - 2*p + 215 = 8, 0 = -q + 5*p - 56. Let v = -61 - q. Calculate the highest common divisor of v and 70.
10
Suppose -5*f + 2*o + 30 = -0*f, -15 = -5*f + 5*o. Let m be f - 1 - (0 + 1). Let h = 18 - m. What is the greatest common factor of 96 and h?
12
Let y = -10 - -22. Let p(v) = 69*v - 159. Let h be p(3). What is the highest common divisor of h and y?
12
Suppose 672 = 8*k + 16*k. What is the greatest common factor of 49 and k?
7
Let b(j) = -j**2 + 29*j + 95. Let q be b(31). Calculate the highest common factor of q and 110.
11
Let t = -18 - -38. Suppose 48 = 3*h - 4*n, 188*n + 34 = 2*h + 185*n. What is the highest common divisor of h and t?
4
Suppose 20 = 4*o - 0*l + 4*l, -5*o + 23 = 4*l. Suppose 3 = -o*t - 0. Let h be ((-6)/(-4)*-10)/t. Calculate the highest common divisor of h and 45.
15
Let a(z) = -3*z + 6. Let k be a(-5). Let b(y) = -27*y + 14*y + k*y + 2. Let u be b(1). Calculate the greatest common factor of u and 90.
10
Suppose -23*j + 1157 = 352. Calculate the highest common divisor of 630 and j.
35
Let v be (1 + 50)/(40/12 - 3). Calculate the greatest common divisor of v and 34.
17
Suppose 1496 = 4*p + 13*p. What is the greatest common factor of 8 and p?
8
Suppose -l - 2 = 0, -11*l = -5*h - 9*l + 39. What is the highest common divisor of h and 3?
1
Let p = 1304 + -392. What is the greatest common factor of p and 38?
38
Let s = 8 + -44. Let d be s/8*8/(-12). Let f be (-8)/(-4) - 0/(-2). Calculate the greatest common factor of f and d.
1
Let j be (2/(-4))/(16134/(-2688) + 6). What is the greatest common factor of j and 84?
28
Let f be (14 - 2) + 128/32. Calculate the highest common factor of 3632 and f.
16
Suppose 8*k + 386 - 426 = 0. Calculate the greatest common factor of 125 and k.
5
Let x(u) = -u**2. Let o be x(-1). Let b be ((-3)/(6/(-26)))/o. Let t be 590/12 + b/78. What is the greatest common factor of t and 7?
7
Suppose -z = 1, 8*z - 5*z = -4*h + 753. Calculate the greatest common factor of 135 and h.
27
Let v be (-81)/(-54)*(-448)/(-6). Calculate the highest common divisor of v and 7.
7
Let m be (144/120)/((-6)/(-680)). Suppose m = 12*a - 8*a. Calculate the highest common divisor of 51 and a.
17
Let c(m) = 2*m**3 - 10*m**2 + 18*m - 26. Let q be c(6). What is the greatest common divisor of 110 and q?
22
Suppose -4*t + 101 + 60 = 5*u, 2*t - 2*u - 94 = 0. Suppose -132 = -4*d - 5*k, 0 = -0*k - 4*k. What is the greatest common factor of t and d?
11
Let v(a) = 4*a**2 - 2*a + 5. Let n be v(3). Suppose 115 = 2*x - n. Calculate the greatest common factor of 15 and x.
15
Let z be 3/(-9) - -24*(-8)/(-36). Suppose 6*s - 2*s = y - 84, z*s = -10. What is the highest common factor of 19 and y?
19
Let x be 4 + (-2 - 1) - 127. Let d = x + 207. Let z be 6/(-27) - (-909)/d. What is the highest common divisor of z and 33?
11
Let y be (18/4 + 0)*106. Let z = 12 - 8. Suppose 2*m = -m - 5*j + y, -z*j = -12. What is the greatest common divisor of m and 14?
14
Let o(k) = 8*k + 10. Let x(b) = -b - 1. Let y(i) = -2*o(i) - 18*x(i). Let h be y(9). Let l = 41 - 33. Calculate the highest common factor of h and l.
8
Suppose -4*q + 398 = h, -17*q + 306 = -14*q - 3*h. What is the greatest common divisor of 70 and q?
10
Let m be 2/((-2)/495*-5). Calculate the highest common divisor of m and 11.
11
Suppose -241 = -3*i + 359. Let c = i + -140. Let v be c/4 + 2 - 0. What is the greatest common divisor of 34 and v?
17
Let k(w) = -w - 1. Let l be k(6). Let c = l - -19. Let y(v) = v**2 + 13*v + 18. Let f be y(-18). What is the highest common divisor of f and c?
12
Let n(r) = 2*r**2 - r**3 + 3*r**2 + 2*r - 4*r. Let x be n(4). Let l be 10/(-35) - 174/(-21). Calculate the highest common divisor of l and x.
8
Suppose 3*b - 8 = -b. Suppose 0*r - r - 137 = -2*p, 0 = -b*p - 5*r + 107. What is the highest common divisor of p and 6?
6
Suppose -2*z + 0*z + 2 = x, 4 = 4*z + x. Let j be z*6 - (-12 - -9). Calculate the highest common factor of j and 36.
9
Let y(v) = 14*v**2 + 30*v - 68. Let h be y(-6). What is the greatest common factor of h and 32?
32
Suppose -3*i - 5*v = -47, 5*i - 5*v - 64 - 1 = 0. Let n be 54/(((-12)/i)/(4/(-7))). Calculate the greatest common divisor of 12 and n.
12
Let d = 12 - 7. Suppose d*i + 46 = k + 4*i, 5*i = 2*k - 95. Suppose -4*b + k = -11. Calculate the highest common factor of b and 35.
7
Let y be ((-4032)/(-70) - -10) + 4/10. Calculate the highest common factor of y and 204.
68
Let r(t) = -52*t - 10. Let u be r(-1). What is the greatest common divisor of 63 and u?
21
Suppose 5*j + 36 = 4*s, 3*s - s = -2*j. Let a = 6 - s. Suppose -4*i - 21 = -n + 4, -n + a*i = -15. Calculate the greatest common factor of n and 5.
5
Let p(j) = 0 - j - j**2 + 10*j + 3. Let c be p(4). Suppose -x - 46 = -2*x. What is the highest common divisor of c and x?
23
Suppose -6*g = -g + 3*m - 229, -5*m - 151 = -3*g. Calculate the greatest common divisor of g and 2021.
47
Suppose 1342 = 5*l - 2*h, -3*l - 16*h + 19*h = -798. Calculate the highest common divisor of l and 130.
10
Let m(n) = -n**2 - 5*n - 2. Let g be m(-4). Let d be 3/g + 6/(-12). Let x be 4 - ((-1)/d + -31). What is the highest common factor of x and 4?
4
Suppose 0*z = -z - 2. Let m(n) = 2*n - 4*n - 2 + 2*n - 6*n. Let q be m(z). What is the greatest common factor of q and 15?
5
Let f be (-16)/(-120) + (-298)/(-15). Suppose -50 = -5*o - 5*l + 390, 3*l = 5*o - 456. What is the greatest common factor of o and f?
10
Suppose 4*g = -v - 3, 54*v - 5*g - 42 = 51*v. What is the greatest common divisor of 2304 and v?
9
Let n be 230 + (2 - 2) + 4. What is the greatest common factor of n and 13?
13
Let k(j) = j**3 + 5*j**2 - 2*j. Let f = -9 - -18. Suppose 29 = 5*c + f. Let d be k(c). What is the greatest common divisor of d and 17?
17
Let n(a) = 42*a**3 - 2*a**2 + a. Let w be n(1). Let l = w - 65. Let p = 38 + l. What is the greatest common factor of 70 and p?
14
Let f = 141 - 265. Let h = f - -180. Calculate the highest common factor of h and 140.
28
Let g(x) = 8*x - x - x**3 + 5 - 3*x + 16*x**2 - 15*x**2. Let d be g(-2). Calculate the highest common divisor of 1 and d.
1
Suppose 2*i + 2 = 6. Let l = -12 - i. Let s be -1*6*21/l. What is the highest common divisor of s and 54?
9
Let v(i) = i**2 + 3*i + i - 1 - 7*i. 